pose -35426 = -12*g + 5950. List the prime factors of g.
2, 431
Let w be ((-16)/(-24))/(1/18). Let x = 16 - w. Suppose -x*z + 48 = -4. What are the prime factors of z?
13
Let c be 500/16*-1 + 3/12. Let l = 34 + c. What are the prime factors of ((-12)/l + 2)*(-17)/2?
17
Let z be (175/(-28) + 6)/((-3)/216). Let g(q) = -15*q**2 - 2*q + 7. Let h be g(9). List the prime factors of (-1)/9 - h/z.
2, 17
Let f(h) = h**3 - 8*h**2 - 8*h - 4. Let p be f(9). Suppose 2 = -n + p*s, 0*s = -n - 5*s - 2. What are the prime factors of 29/(-1)*(n + 1)?
29
Suppose -441*w = 3*x - 442*w - 7193, w = -4*x + 9600. List the prime factors of x.
2399
Suppose -21*i - 13232 = -186692. What are the prime factors of i?
2, 5, 7, 59
Let h be 0 + -791 - 4/(-8)*-8. Let f = -360 - h. What are the prime factors of f?
3, 5, 29
Let s(y) = y**3 + 5*y**2 - 15*y - 7. Let z be s(-7). Suppose -1120 = -2*k - 2*p, 0 = k - z*k - 3*p - 548. What are the prime factors of k?
557
Let f(b) = -b**3 - 3. Let d be f(0). Let p(c) = -207*c - 8. What are the prime factors of p(d)?
613
Let j be (-47)/376 - 10386/(-16). Let a = j - -745. List the prime factors of a.
2, 17, 41
Suppose -27*q + 13248 = 21*q. Suppose o = 4*w + 595, -o - q = 3*w - 871. What are the prime factors of o?
5, 7, 17
What are the prime factors of (7 - (-65)/(-10))*(102941 - -17)?
51479
Let l(g) = 1520 + 11*g**2 - 741 - 4*g**2 - 761 - 99*g. What are the prime factors of l(18)?
2, 3, 7
Let i(a) = -5*a**2 - 11*a + 53687. List the prime factors of i(0).
37, 1451
Suppose -17 = -5*b + 2*m, -2 - 10 = -4*b + 2*m. Suppose 2*k + 2445 = b*k. List the prime factors of k.
5, 163
Suppose -12*b + 18068 + 9434 + 49526 = 0. List the prime factors of b.
7, 131
Suppose -5*r - 11 = -21. Suppose 3*p - 5*g + 0*g - 1086 = 0, 3*g + 724 = r*p. What are the prime factors of p?
2, 181
Suppose 0 = -1089*i + 1099*i - 86810. What are the prime factors of i?
8681
Let d = 671 - 387. Let s = d + -170. What are the prime factors of (5/6 - 1) + 19171/s?
2, 3, 7
Let v(p) = 26*p**2 + p - 1. Let j = -9 + 12. Let g be v(j). Suppose 4*a - g = -0*a. What are the prime factors of a?
59
Let o(l) = 3*l + 35. Let z be (6 + -1)/(-4 + 7/2). Let j be o(z). Let f(g) = g**3 - 3*g**2 + g - 2. What are the prime factors of f(j)?
53
Let p = 385 - 381. Suppose 268 + 384 = p*g. What are the prime factors of g?
163
Suppose 0 = 3*k + 4*f - 34, -k - 4*f + 2 = -5*f. Suppose 0 = -3*w - k*x + 2*x + 1003, w - 3*x - 330 = 0. What are the prime factors of w?
3, 37
Let y(p) = -8*p**2 - 23*p + 27. Let l be y(6). Let u = l - -896. What are the prime factors of u?
7, 71
Suppose v = 4*f - 1 - 16, -11 = -4*f - 5*v. Let u(m) = 3*m**3 - 7*m**2 + 19*m - 26. What are the prime factors of u(f)?
2, 5, 13
What are the prime factors of 2/(-67) - 171765650/(-14405)?
2, 11, 271
Let r(k) = -47*k + 51. Let v be r(-16). Suppose -p - 4*p - 4*t + 385 = 0, -4*p + 4*t = -308. Suppose -6*l - p = -v. List the prime factors of l.
11
Let v = -12245 + 20564. What are the prime factors of v?
3, 47, 59
Let f(k) = -k**2 + 16*k - 10. Let x be f(15). Suppose 0 = c - 6*c - x. List the prime factors of (c + -175 + (5 - 5))/(-1).
2, 11
Suppose 8*z + 24 = 10*z - 3*i, 2 = -z - 2*i. Let k be ((-1)/(2*(-3)/z))/(-1). List the prime factors of (-511)/(-4) - 5 - k/4.
3, 41
Let d = 137296 + -50934. What are the prime factors of d?
2, 29, 1489
Suppose -5*j - 2*x - 252 = 0, 2*x - 143 = 4*j + 73. Let n = -46 - j. Let g(k) = k**3 - 5*k**2 + 3*k + 3. What are the prime factors of g(n)?
3, 19
Let a(v) = 4*v**3 + 2*v**2 + 19*v + 20. Let w(x) = -5*x**3 - 4*x**2 - 20*x - 21. Let s(f) = -6*a(f) - 5*w(f). What are the prime factors of s(-5)?
2, 5, 13
Let y = 859 - 1208. Let u = y + 767. Suppose -9 = 3*k, -3*o + u = 2*o - k. List the prime factors of o.
83
Suppose l - 7 = -2*l - 2*s, -5*l + 5*s + 45 = 0. Suppose -l*c - 2211 = -10*c - p, 2*c - 888 = -4*p. List the prime factors of c.
2, 13, 17
What are the prime factors of (2/(-2))/((-3794)/(-3801) + -1)?
3, 181
Let u(n) be the second derivative of 7*n**5/2 - n**3/6 + n**2 - 3*n. Let s = -782 - -783. List the prime factors of u(s).
71
Let c be (-2)/4*-106*-2. Let b = 113 + 206. Let k = b + c. What are the prime factors of k?
3, 71
Suppose 2*s - 24*s + 9658 = 0. Suppose 4*y - 5915 + s = 0. What are the prime factors of y?
37
Let u = -78 - -83. What are the prime factors of -1 + 821 + 4 - u?
3, 7, 13
Let w = -113 + 192. Suppose 84*b + 60 = w*b. What are the prime factors of (-690)/b*(-8)/(-4)?
5, 23
Let y(j) = 126*j**2 - j. Let k be (0 - -1) + 2 - (-4)/(-1). What are the prime factors of y(k)?
127
Suppose 3*i = 5*v, -5*v - 2*i + 22 = -v. Suppose 26*r - 5*q = 28*r - 1049, 0 = v*r - 2*q - 1583. List the prime factors of r.
17, 31
Let z(h) = 424*h**2 - 5*h + 187. What are the prime factors of z(7)?
2, 3, 109
Suppose 3*d - 3*q = 0, 3*d + 6*q = 5*q + 8. Suppose d*l = -o + 972, l - 4*l + 3*o = -1467. List the prime factors of l.
487
Let c be (1/3)/(-14 - (-1651)/117). What are the prime factors of 18/c - 1682/(-1) - -1?
3, 563
Let m = -29 - -33. Suppose 0 = -f + m, -4*b - f - 8 = -0. List the prime factors of -1 + 5 - (-74 + b).
3
Suppose 237*j + 2610707 - 8005555 = -139*j. List the prime factors of j.
2, 17, 211
Let y = 2798 + 3813. What are the prime factors of y?
11, 601
Let u(p) = 6*p - 39. Let y be u(7). Suppose -5*v + 3 + 3 = -y*t, 0 = 2*v + 2*t - 12. What are the prime factors of v?
3
Let n(r) be the third derivative of 13*r**6/60 + r**5/30 - r**4/12 - r**3/6 + 4*r**2. Let t be n(2). Let s = -118 + t. What are the prime factors of s?
3, 31
Let r = 52 - 46. Let j be 400/r*(-108)/(-5). Suppose q - j = -15*q. What are the prime factors of q?
2, 3, 5
Let t(i) = -6*i**2 + 16*i + 10. Suppose -32*w = -30*w + 12. Let p be t(w). Let x = p + 520. What are the prime factors of x?
2, 109
Suppose -l = -479 - 37. Suppose 90 = -6*k + l. List the prime factors of k.
71
Let s = -66 - -12. Let u be (-1)/4*s*2/3. Let b(m) = -m**3 + 12*m**2 - m + 12. What are the prime factors of b(u)?
2, 3, 41
Let o(b) = 557*b**2 - 93*b + 23. What are the prime factors of o(-5)?
7, 29, 71
Suppose 5*b = -2*b - 7. List the prime factors of ((-1143)/(-6))/(b - (-3)/2).
3, 127
Suppose -50*v + 64*v = 37562. List the prime factors of v.
2683
Let f(q) = 132*q**2 + 41013. What are the prime factors of f(0)?
3, 7, 31
What are the prime factors of (209/57)/(-1 - (-14550)/14544)?
2, 11, 101
Let p be -3*(2 + 1)/(3/(-2)). Suppose -2*v = -4*v + p. Suppose -a + 144 = -4*o, -a - 2*o = v*o - 162. What are the prime factors of a?
2, 19
Suppose -660 + 36 = -13*k. Let n = -1 - 18. Let v = k + n. What are the prime factors of v?
29
Let m(j) = -2*j**3 - 60*j**2 - 26. Let n be m(-30). List the prime factors of ((-39)/n)/((-3)/(-490)).
5, 7
List the prime factors of (30952/416 - 4/26)*(-8400)/(-84).
3, 5, 11
Suppose -2*p = 2*u + 16 - 14, 0 = u + 3*p + 1. What are the prime factors of (-10*6/(-180))/(u/(-1494))?
2, 3, 83
Let k(q) be the third derivative of 51*q**4/8 - q**3 + 57*q**2. What are the prime factors of k(1)?
3, 7
Let g(r) = -r**3 - 5*r**2 + 7*r - 1. Let v be 6 - 6 - 6*1. Let s be g(v). List the prime factors of (-705)/s + 6/21.
101
Suppose 3767*n - 31488 = 3741*n + 216968. List the prime factors of n.
2, 2389
Suppose -j + 59 = -0*j + 2*h, 0 = j - 4*h - 59. Let l = 76 - j. Suppose 736 = 3*n - l. What are the prime factors of n?
251
Let f be 4/6*(-559)/(-86)*3. Suppose -9026 = -f*j + 347. List the prime factors of j.
7, 103
Let h = -436 - -1047. Let f = -261 + h. List the prime factors of f.
2, 5, 7
Suppose -4*p + 12 = 0, -5*y - 2*p = -y - 6. Suppose -3*x = -4*g + 204 + 516, 5*x = y. What are the prime factors of g?
2, 3, 5
Suppose -34*n - 601757 = -1448119. What are the prime factors of n?
11, 31, 73
Suppose 0 = -4*c - 14 - 34. Let w(a) be the first derivative of -a**4/4 - 10*a**3/3 + 8*a**2 - 23*a + 5553. List the prime factors of w(c).
73
Suppose x + 4*x - 4 = 3*q, -4*x + 8 = 0. Suppose 5*w = 10, 3*w = -k - q*k + 120. Suppose 3*t = 269 - k. What are the prime factors of t?
7, 11
Suppose -30*q - p = -33*q + 212889, -4*q - 3*p + 283839 = 0. List the prime factors of q.
2, 3, 11827
Let g(q) = 1129*q**3 + 3*q**2 + 34*q - 69. What are the prime factors of g(2)?
9043
Suppose 142 = -5*g - 3. Let t = g + 61. Suppose 2*r - 5*a = 1 + t, -4*r = -a - 93. Wh